0?
233133
In base 15, what is -b3 + -8?
-bb
In base 5, what is 1 + 21?
22
In base 12, what is 3b12 + 1?
3b13
In base 8, what is 15040 + 3?
15043
In base 10, what is -5 - 27?
-32
In base 9, what is -4 + -757?
-762
In base 9, what is 45 + 3?
48
In base 10, what is 31 + -7?
24
In base 14, what is 36 - -16?
4c
In base 3, what is 10002 + -2?
10000
In base 11, what is -2 - 4673?
-4675
In base 6, what is -5303 + -3?
-5310
In base 15, what is -71 - -59?
-17
In base 8, what is -3 + -4671?
-4674
In base 6, what is -1 + -334?
-335
In base 8, what is 4 + -32?
-26
In base 2, what is -1100101 - -10?
-1100011
In base 7, what is -23 - 301?
-324
In base 11, what is -79 + -7?
-85
In base 6, what is 20005 - 1?
20004
In base 9, what is 8 + 5?
14
In base 11, what is -20 - -711?
6a1
In base 2, what is -110000110 + -1001?
-110001111
In base 3, what is 11 + -10221?
-10210
In base 15, what is -1 + -72?
-73
In base 9, what is 188 + 1?
200
In base 12, what is -170 + -18?
-188
In base 15, what is -76 - -5?
-71
In base 8, what is 1455 - -1?
1456
In base 13, what is -156 - -9?
-14a
In base 2, what is 100110 - -101?
101011
In base 3, what is 111210 - -112?
112022
In base 12, what is 55 + -7?
4a
In base 10, what is -71 + 74?
3
In base 13, what is 22 + -2c?
-a
In base 7, what is -52 - 0?
-52
In base 6, what is 11 + -45?
-34
In base 7, what is -21036 - 2?
-21041
In base 2, what is 11 - 1100000100?
-1100000001
In base 11, what is -4 - 129?
-132
In base 6, what is -13 + -10553?
-11010
In base 8, what is 3 + -3324?
-3321
In base 6, what is -1 + 143?
142
In base 9, what is -2 - -6822?
6820
In base 8, what is 116 - 3?
113
In base 12, what is 262 - -1?
263
In base 3, what is 12 - 20210?
-20121
In base 9, what is 4 + -80?
-75
In base 16, what is -1f7 + -f?
-206
In base 14, what is 24 + 0?
24
In base 10, what is 111 - 11?
100
In base 6, what is 1 - -125?
130
In base 14, what is -37 - 8?
-41
In base 10, what is 1045 - 0?
1045
In base 4, what is 101 - 3?
32
In base 9, what is -4 - 1368?
-1373
In base 9, what is -3 + 848?
845
In base 15, what is 1 + -15?
-14
In base 11, what is 1 - -132?
133
In base 5, what is 3321 + -3?
3313
In base 5, what is 4 + -3233?
-3224
In base 3, what is 22020 + 2?
22022
In base 12, what is -358 - -5?
-353
In base 6, what is 1 + -1?
0
In base 5, what is -3323 + 3?
-3320
In base 5, what is -30 + -30?
-110
In base 12, what is -5 - 3?
-8
In base 6, what is 3 - -135?
142
In base 7, what is 160 + 4?
164
In base 8, what is -1 - -47?
46
In base 11, what is -40 + -1?
-41
In base 5, what is -120 + -33?
-203
In base 5, what is -1443 - -10?
-1433
In base 16, what is 0 + -31c?
-31c
In base 16, what is 595 - a?
58b
In base 14, what is -21 - 4b?
-6c
In base 6, what is 131 + -4?
123
In base 14, what is 5 - -d?
14
In base 8, what is 204 + 0?
204
In base 14, what is 1 - 75?
-74
In base 14, what is 79 + a7?
142
In base 12, what is -547 + 1?
-546
In base 5, what is -202312 + 3?
-202304
In base 14, what is -12 - -10b?
d9
In base 9, what is 2 - 58?
-56
In base 4, what is 13232 - 2?
13230
In base 11, what is 7 - 42?
-36
In base 5, what is 10 + 123?
133
In base 3, what is -2 - -201112?
201110
In base 12, what is -1 - -29?
28
In base 2, what is -100 + -1010?
-1110
In base 9, what is 6 + 4013?
4020
In base 14, what is cb4 + 1?
cb5
In base 5, what is 0 - 431?
-431
In base 13, what is -2b04 + 3?
-2b01
In base 12, what is 3 - -482?
485
In base 16, what is -cf8 - -4?
-cf4
In base 10, what is 222 + 0?
222
In base 2, what is 0 + 1101001010000?
1101001010000
In base 13, what is -4 + 4?
0
In base 5, what is 10 - 10043?
-10033
In base 16, what is -36 - 67?
-9d
In base 13, what is 56 + -58?
-2
In base 6, what is -2 + 2502?
2500
In base 16, what is -1 + 3f?
3e
In base 12, what is 8 - -9?
15
In base 13, what is 72 + 13?
85
In base 8, what is -15 + -20?
-35
In base 2, what is -11 - -1000?
101
In base 5, what is 3 - -2210?
2213
In base 10, what is -37 - 6?
-43
In base 5, what is -1 - -10031?
10030
In base 6, what is -2155 - -4?
-2151
In base 14, what is 7 - -6?
d
In base 13, what is 0 - -689?
689
In base 16, what is 6 + -be?
-b8
In base 10, what is -139 - 2?
-141
In base 9, what is -20763 + 0?
-20763
In base 2, what is -10 + 0?
-10
In base 8, what is -271 + 0?
-271
In base 16, what is 30 - -9?
39
In base 7, what is 23 - 33?
-10
In base 16, what is 167 - -c?
173
In base 4, what is -10210 + 10?
-10200
In base 14, what is -90 + 8?
-86
In base 5, what is -223 - 300?
-1023
In base 2, what is 1110100111 + 101?
1110101100
In base 16, what is -8 + d?
5
In base 14, what is 432 - 4?
42c
In base 7, what is 220 + -22?
165
In base 2, what is -11000000 + 101?
-10111011
In base 12, what is 0 + 120?
120
In base 3, what is 10010 + 10?
10020
In base 9, what is -27 - 35?
-63
In base 12, what is -6a21 + -4?
-6a25
In base 9, what is 1507 - 0?
1507
In base 3, what is -2002 + 102?
-1200
In base 5, what is -2 + 10222?
10220
In base 8, what is -15 - -3?
-12
In base 5, what is 4 + 3032?
3041
In base 9, what is 8648 - 5?
8643
In base 8, what is 213 - -6?
221
In base 13, what is 7a + -6?
74
In base 8, what is 0 - 161?
-161
In base 8, what is -4025 - 5?
-4032
In base 5, what is 3 - 13?
-10
In base 2, what is -10 + 110001?
101111
In base 10, what is 3 + 12?
15
In base 4, what is -11031131 - -10?
-11031121
In base 14, what is 103 + b4?
1b7
In base 10, what is -2 + -2?
-4
In base 15, what is -30 - -9?
-26
In base 6, what is -1443 + -2?
-1445
In base 3, what is -111 - 1211?
-2022
In base 4, what is -11 + 1211?
1200
In base 6, what is 4324 - -11?
4335
In base 12, what is 83 + 24?
a7
In base 14, what is 1029 - -3?
102c
In base 3, what is 101 + 1?
102
In base 7, what is 2645 - -4?
2652
In base 5, what is 3 + -34?
-31
In base 12, what is -13 + 147?
134
In base 16, what is 1 - -8a?
8b
In base 15, what is -5c3 + 4?
-5be
In base 3, what is 22 - -111?
210
In base 12, what is 1 - -66a?
66b
In base 3, what is 0 - 2020?
-2020
In base 13, what is 2 + -18ca?
-18c8
In base 9, what is -783 - -1?
-782
In base 13, what is 766 - -15?
77b
In base 16, what is -5 + 3c4?
3bf
In base 7, what is -10 + 144?
134
In base 14, what is -36 + 3?
-33
In base 4, what is 11 + 110?
121
In base 5, what is -12420 - 20?
-12440
In base 12, what is 1b6 + 2?
1b8
In base 12, what is -5 + -7a3?
-7a8
In base 10, what is 106 + -14?
92
In base 12, what is -3b56 + -2?
-3b58
In base 8, what is -4 + -776?
-1002
In base 14, what is -2 + 0?
-2
In base 5, what is 20340 - -10?
20400
In base 6, what is 24 - -4?
32
In base 4, what is -31322112 + 0?
-31322112
In base 9, what is 11 - -234?
245
In base 10, what is -11 + 57?
46
In base 12, what is 94 + 8?
a0
In base 4, what is -11 - 3211?
-3222
In base 8, what is 4 + 16?
22
In base 3, what is -221 + 222?
1
In base 14, what is -a108 + 4?
-a104
In base 6, what is 25 - 1?
24
In base 3, what is -101 - 12022?
-12200
In base 14, what is -707 + 5?
-702
In base 12, what is 5 + 42?
47
In base 10, what is 20 - 119?
-99
In base 14, what is -c5 - cb?
-1b2
In base 4, what is -10 - 223?
-233
In base 10, what is -7 - -3918?
3911
In base 9, what is -3 + -2641?
-2644
In base 4, what is -2 - 303130?
-303132
In base 16, what is -103 + 2?
-101
In base 8, what is -10 + -40?
-50
In base 7, what is -443 - 22?
-465
In base 6, what is -214 - 5?
-223
In base 12, what is 3531 - -4?
3535
In base 16, what is -75f + 0?
-75f
In base 13, what is -6ba + -1?
-6bb
In base 2, what is -100001 + -110001?
-1010010
In base 12, what is 23 + -2?
21
In base 5, what is -1122 - -1?
-1121
In base 2, what is -10001 + -1001011?
-1011100
In base 15, what is -15b + -6?
-162
In base 13, what is 2a - -30?
5a
In base 11, what is 441 - 7?
435
In base 8, what is 1707 - 10?
1677
In base 11, what is -66 - 41?
-a7
In base 16, what is -5b5 + -5?
-5ba
In base 7, what is 1 + 3236?
3240
In base 10, what is -15 + 1?
-14
In base 6, what is 2122 - -34?
2200
In base 7, what is -3 - 261?
-264
In base 14, what is 5 - 1d?
-18
In base 6, what is -104 + 414?
310
In base 9, what is -140 - 3?
-143
In base 14, what is 24 + -8?
1a
In base 9, what is 130 + 3?
133
In base 12, what is -18 - 50?
-68
In base 12, what is 4 + 8a?
92
In base 2, what is -1011 + -1000111?
-1010010
In base 3, what is -102100 + -11?
-102111
In base 9, what is -13 - 10?
-23
In base 13, what is -5 + 10?
8
In base 10, what is 5113 - -6?
511